[INFO] fetching crate emo 0.5.2...
[INFO] checking emo-0.5.2 against master#af3c6e733a40e671550e0f0f5aeecaa13772ba56 for pr-74989
[INFO] extracting crate emo 0.5.2 into /workspace/builds/worker-13/source
[INFO] validating manifest of crates.io crate emo 0.5.2 on toolchain af3c6e733a40e671550e0f0f5aeecaa13772ba56
[INFO] running `Command { std: "/workspace/cargo-home/bin/cargo" "+af3c6e733a40e671550e0f0f5aeecaa13772ba56" "read-manifest" "--manifest-path" "Cargo.toml", kill_on_drop: false }`
[INFO] removed /workspace/builds/worker-13/source/.cargo/config
[INFO] started tweaking crates.io crate emo 0.5.2
[INFO] finished tweaking crates.io crate emo 0.5.2
[INFO] tweaked toml for crates.io crate emo 0.5.2 written to /workspace/builds/worker-13/source/Cargo.toml
[INFO] running `Command { std: "/workspace/cargo-home/bin/cargo" "+af3c6e733a40e671550e0f0f5aeecaa13772ba56" "generate-lockfile" "--manifest-path" "Cargo.toml" "-Zno-index-update", kill_on_drop: false }`
[INFO] running `Command { std: "/workspace/cargo-home/bin/cargo" "+af3c6e733a40e671550e0f0f5aeecaa13772ba56" "fetch" "--locked" "--manifest-path" "Cargo.toml", kill_on_drop: false }`
[INFO] [stderr]     Blocking waiting for file lock on package cache
[INFO] running `Command { std: "docker" "create" "-v" "/var/lib/crater-agent-workspace/builds/worker-13/target:/opt/rustwide/target:rw,Z" "-v" "/var/lib/crater-agent-workspace/builds/worker-13/source:/opt/rustwide/workdir:ro,Z" "-v" "/var/lib/crater-agent-workspace/cargo-home:/opt/rustwide/cargo-home:ro,Z" "-v" "/var/lib/crater-agent-workspace/rustup-home:/opt/rustwide/rustup-home:ro,Z" "-e" "SOURCE_DIR=/opt/rustwide/workdir" "-e" "CARGO_TARGET_DIR=/opt/rustwide/target" "-e" "CARGO_HOME=/opt/rustwide/cargo-home" "-e" "RUSTUP_HOME=/opt/rustwide/rustup-home" "-w" "/opt/rustwide/workdir" "-m" "1610612736" "--user" "0:0" "--network" "none" "rustops/crates-build-env@sha256:d92eaeed33fa75130ca1ee6c8a01d1ffb62bac859dfdfb3450e3e5d1c0146529" "/opt/rustwide/cargo-home/bin/cargo" "+af3c6e733a40e671550e0f0f5aeecaa13772ba56" "metadata" "--no-deps" "--format-version=1", kill_on_drop: false }`
[INFO] [stdout] b15bbeae3b9fa0351dcd57c8bb8002dc4145f2a26f44eb1f6e01d8b46dcb9765
[INFO] [stderr] WARNING: Your kernel does not support swap limit capabilities or the cgroup is not mounted. Memory limited without swap.
[INFO] running `Command { std: "docker" "start" "-a" "b15bbeae3b9fa0351dcd57c8bb8002dc4145f2a26f44eb1f6e01d8b46dcb9765", kill_on_drop: false }`
[INFO] running `Command { std: "docker" "inspect" "b15bbeae3b9fa0351dcd57c8bb8002dc4145f2a26f44eb1f6e01d8b46dcb9765", kill_on_drop: false }`
[INFO] running `Command { std: "docker" "rm" "-f" "b15bbeae3b9fa0351dcd57c8bb8002dc4145f2a26f44eb1f6e01d8b46dcb9765", kill_on_drop: false }`
[INFO] [stdout] b15bbeae3b9fa0351dcd57c8bb8002dc4145f2a26f44eb1f6e01d8b46dcb9765
[INFO] running `Command { std: "docker" "create" "-v" "/var/lib/crater-agent-workspace/builds/worker-13/target:/opt/rustwide/target:rw,Z" "-v" "/var/lib/crater-agent-workspace/builds/worker-13/source:/opt/rustwide/workdir:ro,Z" "-v" "/var/lib/crater-agent-workspace/cargo-home:/opt/rustwide/cargo-home:ro,Z" "-v" "/var/lib/crater-agent-workspace/rustup-home:/opt/rustwide/rustup-home:ro,Z" "-e" "SOURCE_DIR=/opt/rustwide/workdir" "-e" "CARGO_TARGET_DIR=/opt/rustwide/target" "-e" "CARGO_INCREMENTAL=0" "-e" "RUST_BACKTRACE=full" "-e" "RUSTFLAGS=--cap-lints=forbid" "-e" "CARGO_HOME=/opt/rustwide/cargo-home" "-e" "RUSTUP_HOME=/opt/rustwide/rustup-home" "-w" "/opt/rustwide/workdir" "-m" "1610612736" "--user" "0:0" "--network" "none" "rustops/crates-build-env@sha256:d92eaeed33fa75130ca1ee6c8a01d1ffb62bac859dfdfb3450e3e5d1c0146529" "/opt/rustwide/cargo-home/bin/cargo" "+af3c6e733a40e671550e0f0f5aeecaa13772ba56" "check" "--frozen" "--all" "--all-targets" "--message-format=json", kill_on_drop: false }`
[INFO] [stderr] WARNING: Your kernel does not support swap limit capabilities or the cgroup is not mounted. Memory limited without swap.
[INFO] [stdout] 47738a1bbaa434b8504e8f543e523c0c3238690b44a962ec9dde4b08df76596b
[INFO] running `Command { std: "docker" "start" "-a" "47738a1bbaa434b8504e8f543e523c0c3238690b44a962ec9dde4b08df76596b", kill_on_drop: false }`
[INFO] [stderr]    Compiling libc v0.2.77
[INFO] [stderr]    Compiling proc-macro2 v1.0.21
[INFO] [stderr]     Checking cfg-if v0.1.10
[INFO] [stderr]    Compiling unicode-xid v0.2.1
[INFO] [stderr]    Compiling autocfg v1.0.1
[INFO] [stderr]    Compiling memchr v2.3.3
[INFO] [stderr]    Compiling syn v1.0.40
[INFO] [stderr]    Compiling bitflags v1.2.1
[INFO] [stderr]    Compiling failure_derive v0.1.8
[INFO] [stderr]     Checking gimli v0.22.0
[INFO] [stderr]     Checking adler v0.2.3
[INFO] [stderr]    Compiling nix v0.17.0
[INFO] [stderr]     Checking lazy_static v1.4.0
[INFO] [stderr]     Checking object v0.20.0
[INFO] [stderr]     Checking rustc-demangle v0.1.16
[INFO] [stderr]    Compiling cc v1.0.59
[INFO] [stderr]    Compiling rlua v0.17.0
[INFO] [stderr]     Checking void v1.0.2
[INFO] [stderr]     Checking utf8parse v0.2.0
[INFO] [stderr]     Checking quick-error v1.2.3
[INFO] [stderr]     Checking unicode-segmentation v1.6.0
[INFO] [stderr]     Checking regex-syntax v0.6.18
[INFO] [stderr]     Checking termcolor v1.1.0
[INFO] [stderr]     Checking thread_local v1.0.1
[INFO] [stderr]     Checking miniz_oxide v0.4.1
[INFO] [stderr]     Checking humantime v1.3.0
[INFO] [stderr]     Checking log v0.4.11
[INFO] [stderr]     Checking fern v0.6.0
[INFO] [stderr]    Compiling num-traits v0.2.12
[INFO] [stderr]    Compiling num-integer v0.1.43
[INFO] [stderr]     Checking bstr v0.2.13
[INFO] [stderr]     Checking aho-corasick v0.7.13
[INFO] [stderr]    Compiling emo v0.5.2 (/opt/rustwide/workdir)
[INFO] [stderr]    Compiling quote v1.0.7
[INFO] [stderr]     Checking dirs-sys-next v0.1.0
[INFO] [stderr]     Checking time v0.1.44
[INFO] [stderr]     Checking atty v0.2.14
[INFO] [stderr]     Checking dirs-next v1.0.1
[INFO] [stderr]     Checking chrono v0.4.15
[INFO] [stderr]     Checking addr2line v0.13.0
[INFO] [stderr]     Checking regex v1.3.9
[INFO] [stderr]     Checking backtrace v0.3.50
[INFO] [stderr]    Compiling synstructure v0.12.4
[INFO] [stderr]    Compiling pest_generator v2.1.3
[INFO] [stderr]     Checking env_logger v0.7.1
[INFO] [stderr]    Compiling pest_derive v2.1.0
[INFO] [stderr]     Checking failure v0.1.8
[INFO] [stderr]     Checking shiori3 v0.4.2
[INFO] [stdout] error[E0433]: failed to resolve: maybe a missing crate `hglobal`?
[INFO] [stdout]   --> /opt/rustwide/cargo-home/registry/src/github.com-1ecc6299db9ec823/shiori3-0.4.2/src/lib.rs:12:16
[INFO] [stdout]    |
[INFO] [stdout] 12 | pub use crate::hglobal::enc::Encoder;
[INFO] [stdout]    |                ^^^^^^^ maybe a missing crate `hglobal`?
[INFO] [stdout] 
[INFO] [stdout] 
[INFO] [stdout] error[E0433]: failed to resolve: maybe a missing crate `hglobal`?
[INFO] [stdout]   --> /opt/rustwide/cargo-home/registry/src/github.com-1ecc6299db9ec823/shiori3-0.4.2/src/lib.rs:13:16
[INFO] [stdout]    |
[INFO] [stdout] 13 | pub use crate::hglobal::enc::Encoding;
[INFO] [stdout]    |                ^^^^^^^ maybe a missing crate `hglobal`?
[INFO] [stdout] 
[INFO] [stdout] 
[INFO] [stdout] error[E0433]: failed to resolve: use of undeclared type or module `winapi`
[INFO] [stdout]  --> /opt/rustwide/cargo-home/registry/src/github.com-1ecc6299db9ec823/shiori3-0.4.2/src/api.rs:9:5
[INFO] [stdout]   |
[INFO] [stdout] 9 | use winapi::shared::minwindef::{DWORD, HGLOBAL, LPVOID};
[INFO] [stdout]   |     ^^^^^^ use of undeclared type or module `winapi`
[INFO] [stdout] 
[INFO] [stdout] 
[INFO] [stdout] error[E0432]: unresolved import `crate::hglobal`
[INFO] [stdout]  --> /opt/rustwide/cargo-home/registry/src/github.com-1ecc6299db9ec823/shiori3-0.4.2/src/api.rs:2:12
[INFO] [stdout]   |
[INFO] [stdout] 2 | use crate::hglobal::GStr;
[INFO] [stdout]   |            ^^^^^^^ maybe a missing crate `hglobal`?
[INFO] [stdout] 
[INFO] [stdout] 
[INFO] [stdout] error[E0412]: cannot find type `DWORD` in this scope
[INFO] [stdout]   --> /opt/rustwide/cargo-home/registry/src/github.com-1ecc6299db9ec823/shiori3-0.4.2/src/api.rs:61:27
[INFO] [stdout]    |
[INFO] [stdout] 61 | const DLL_PROCESS_DETACH: DWORD = 0;
[INFO] [stdout]    |                           ^^^^^ not found in this scope
[INFO] [stdout] 
[INFO] [stdout] 
[INFO] [stdout] error[E0412]: cannot find type `DWORD` in this scope
[INFO] [stdout]   --> /opt/rustwide/cargo-home/registry/src/github.com-1ecc6299db9ec823/shiori3-0.4.2/src/api.rs:63:27
[INFO] [stdout]    |
[INFO] [stdout] 63 | const DLL_PROCESS_ATTACH: DWORD = 1;
[INFO] [stdout]    |                           ^^^^^ not found in this scope
[INFO] [stdout] 
[INFO] [stdout] 
[INFO] [stdout] error[E0412]: cannot find type `DWORD` in this scope
[INFO] [stdout]   --> /opt/rustwide/cargo-home/registry/src/github.com-1ecc6299db9ec823/shiori3-0.4.2/src/api.rs:65:26
[INFO] [stdout]    |
[INFO] [stdout] 65 | const DLL_THREAD_ATTACH: DWORD = 2;
[INFO] [stdout]    |                          ^^^^^ not found in this scope
[INFO] [stdout] 
[INFO] [stdout] 
[INFO] [stdout] error[E0412]: cannot find type `DWORD` in this scope
[INFO] [stdout]   --> /opt/rustwide/cargo-home/registry/src/github.com-1ecc6299db9ec823/shiori3-0.4.2/src/api.rs:67:26
[INFO] [stdout]    |
[INFO] [stdout] 67 | const DLL_THREAD_DETACH: DWORD = 3;
[INFO] [stdout]    |                          ^^^^^ not found in this scope
[INFO] [stdout] 
[INFO] [stdout] 
[INFO] [stdout] error[E0412]: cannot find type `DWORD` in this scope
[INFO] [stdout]   --> /opt/rustwide/cargo-home/registry/src/github.com-1ecc6299db9ec823/shiori3-0.4.2/src/api.rs:75:29
[INFO] [stdout]    |
[INFO] [stdout] 75 |         ul_reason_for_call: DWORD,
[INFO] [stdout]    |                             ^^^^^ not found in this scope
[INFO] [stdout] 
[INFO] [stdout] 
[INFO] [stdout] error[E0412]: cannot find type `LPVOID` in this scope
[INFO] [stdout]   --> /opt/rustwide/cargo-home/registry/src/github.com-1ecc6299db9ec823/shiori3-0.4.2/src/api.rs:76:23
[INFO] [stdout]    |
[INFO] [stdout] 76 |         _lp_reserved: LPVOID,
[INFO] [stdout]    |                       ^^^^^^ not found in this scope
[INFO] [stdout] 
[INFO] [stdout] 
[INFO] [stdout] error[E0412]: cannot find type `HGLOBAL` in this scope
[INFO] [stdout]   --> /opt/rustwide/cargo-home/registry/src/github.com-1ecc6299db9ec823/shiori3-0.4.2/src/api.rs:97:38
[INFO] [stdout]    |
[INFO] [stdout] 97 |     pub fn raw_load(&mut self, hdir: HGLOBAL, len: usize) -> bool {
[INFO] [stdout]    |                                      ^^^^^^^ not found in this scope
[INFO] [stdout] 
[INFO] [stdout] 
[INFO] [stdout] error[E0412]: cannot find type `HGLOBAL` in this scope
[INFO] [stdout]    --> /opt/rustwide/cargo-home/registry/src/github.com-1ecc6299db9ec823/shiori3-0.4.2/src/api.rs:107:39
[INFO] [stdout]     |
[INFO] [stdout] 107 |     fn raw_load_impl(&mut self, hdir: HGLOBAL, len: usize) -> Result<(), failure::Error> {
[INFO] [stdout]     |                                       ^^^^^^^ not found in this scope
[INFO] [stdout] 
[INFO] [stdout] 
[INFO] [stdout] error[E0412]: cannot find type `HGLOBAL` in this scope
[INFO] [stdout]    --> /opt/rustwide/cargo-home/registry/src/github.com-1ecc6299db9ec823/shiori3-0.4.2/src/api.rs:118:41
[INFO] [stdout]     |
[INFO] [stdout] 118 |     pub fn raw_request(&mut self, hreq: HGLOBAL, len: &mut usize) -> HGLOBAL {
[INFO] [stdout]     |                                         ^^^^^^^ not found in this scope
[INFO] [stdout] 
[INFO] [stdout] 
[INFO] [stdout] error[E0412]: cannot find type `HGLOBAL` in this scope
[INFO] [stdout]    --> /opt/rustwide/cargo-home/registry/src/github.com-1ecc6299db9ec823/shiori3-0.4.2/src/api.rs:118:70
[INFO] [stdout]     |
[INFO] [stdout] 118 |     pub fn raw_request(&mut self, hreq: HGLOBAL, len: &mut usize) -> HGLOBAL {
[INFO] [stdout]     |                                                                      ^^^^^^^ not found in this scope
[INFO] [stdout] 
[INFO] [stdout] 
[INFO] [stdout] error[E0412]: cannot find type `HGLOBAL` in this scope
[INFO] [stdout]    --> /opt/rustwide/cargo-home/registry/src/github.com-1ecc6299db9ec823/shiori3-0.4.2/src/api.rs:133:15
[INFO] [stdout]     |
[INFO] [stdout] 133 |         hreq: HGLOBAL,
[INFO] [stdout]     |               ^^^^^^^ not found in this scope
[INFO] [stdout] 
[INFO] [stdout] 
[INFO] [stdout] error[E0412]: cannot find type `HGLOBAL` in this scope
[INFO] [stdout]    --> /opt/rustwide/cargo-home/registry/src/github.com-1ecc6299db9ec823/shiori3-0.4.2/src/api.rs:135:18
[INFO] [stdout]     |
[INFO] [stdout] 69  | impl<T: Shiori3> RawShiori3<T> {
[INFO] [stdout]     |                - help: you might be missing a type parameter: `, HGLOBAL`
[INFO] [stdout] ...
[INFO] [stdout] 135 |     ) -> Result<(HGLOBAL, usize), failure::Error> {
[INFO] [stdout]     |                  ^^^^^^^ not found in this scope
[INFO] [stdout] 
[INFO] [stdout] 
[INFO] [stdout] error: aborting due to 16 previous errors
[INFO] [stdout] 
[INFO] [stdout] 
[INFO] [stdout] Some errors have detailed explanations: E0412, E0432, E0433.
[INFO] [stdout] 
[INFO] [stdout] For more information about an error, try `rustc --explain E0412`.
[INFO] [stdout] 
[INFO] [stderr] error: could not compile `shiori3`.
[INFO] [stderr] 
[INFO] [stderr] To learn more, run the command again with --verbose.
[INFO] [stderr] warning: build failed, waiting for other jobs to finish...
[INFO] [stderr] error: build failed
[INFO] running `Command { std: "docker" "inspect" "47738a1bbaa434b8504e8f543e523c0c3238690b44a962ec9dde4b08df76596b", kill_on_drop: false }`
[INFO] running `Command { std: "docker" "rm" "-f" "47738a1bbaa434b8504e8f543e523c0c3238690b44a962ec9dde4b08df76596b", kill_on_drop: false }`
[INFO] [stdout] 47738a1bbaa434b8504e8f543e523c0c3238690b44a962ec9dde4b08df76596b
